+ j. Is b(n) a prime number?
False
Let z(f) = f**3 - 9*f**2 - 9*f - 5. Let s be z(10). Suppose s*x + 99 = 4*t, t - 2*x = -3*t + 114. Is t prime?
True
Let t(m) = m**3 - 2*m**2 + 2*m - 2. Let b be t(2). Is (4/b)/(-4)*-514 a prime number?
True
Let h(f) be the third derivative of -f**6/120 + f**5/60 + f**4/24 + 19*f**3/6 + 2*f**2. Suppose 0 = -2*z + z. Is h(z) a prime number?
True
Suppose -2*n = 3*n - 655. Is n a composite number?
False
Suppose j - 6 = -2*j. Suppose -7*u = -j*u - 955. Is u a composite number?
False
Let o(j) = j**3 + 6*j**2 - 2*j + 4. Let v be (-2)/(-9) + (-58)/18. Is o(v) a composite number?
False
Let o(r) = -5*r + 4. Let x(m) = -6*m + 4. Let l(y) = -4*o(y) + 3*x(y). Let w be l(4). Suppose -2*g + v + 163 = -0*g, 2*g = w*v + 178. Is g a composite number?
False
Let m(k) be the second derivative of -k**5/20 - k**4/3 - 5*k**3/6 - k**2 + k. Let t be m(-3). Suppose 0 = 2*n - t*n + 178. Is n a prime number?
True
Let q(r) = -r**3 + 14*r**2 - 17*r - 5. Is q(12) a composite number?
False
Suppose -2*b = l - 6 + 2, -5*b = 3*l - 9. Suppose -b*a - 4 = -2*a, -4*q + 28 = 5*a. Suppose -i - 3*i - 3*m + 45 = 0, -2*i = -2*m - q. Is i composite?
True
Suppose 5*b - 108 = 157. Suppose 0 = 2*w + 2*w. Suppose -u + 2*u - b = w. Is u a prime number?
True
Let b(r) = 7*r**3 + 6*r**2 - 12*r - 4. Let o(u) = -6*u**3 - 6*u**2 + 12*u + 4. Let n(t) = 5*b(t) + 6*o(t). Let i be n(-8). Let f = 50 - i. Is f composite?
True
Is 140 + (0/1 - 1) a prime number?
True
Let m be 9/(-6) - (-6)/4. Suppose -2*v + 5*o = -v - 66, m = 3*v - o - 156. Is v prime?
False
Is (4/(-6))/((-32)/14736) a prime number?
True
Let z(c) = -291*c**3 + 2*c + 2. Is z(-1) prime?
False
Suppose -5*x - r + 1379 = -2*r, r = -4. Suppose -6*o = -o - x. Is o a composite number?
True
Let z(t) = 130*t**2 + 2*t - 3. Let y(s) = s**2 + s - 1. Let l(m) = -2*y(m) + z(m). Let a = 2 - 3. Is l(a) prime?
True
Let o = 11 + -25. Let v = -10 - o. Is (-14)/v*-2 + -1 a composite number?
True
Suppose n + 4*n = 1435. Is n prime?
False
Is (295 - 0)/(2/(2 - 0)) prime?
False
Let o = -1868 + 2937. Is o a composite number?
False
Suppose -3*p = 2*p - 2840. Is p/10 - (-2)/10 prime?
False
Let b(w) = -w + 301. Is b(0) a composite number?
True
Let c(g) be the second derivative of g**2/2 - g. Let j(o) = -3*o - 2. Let h(t) = 3*c(t) + j(t). Is h(-7) prime?
False
Suppose 0 = 22*b - 12*b - 1230. Is b a composite number?
True
Let d(q) = -q**2 - 7*q + 5. Let k be d(-6). Is (1*k)/((-3)/(-51)) a prime number?
False
Suppose 4*z = k + 14 - 83, -3*z = -2*k + 163. Is k prime?
True
Let u = -32 - -67. Let n = -3 + u. Suppose o - n = 3. Is o prime?
False
Is 586*(5 - 2 - (-25)/(-10)) prime?
True
Suppose 4*o = -o + 2215. Is o composite?
False
Let q = 2 + 9. Let n = q + -1. Is n composite?
True
Suppose 4*o + 5*j = 456, -2*o - 3*j + 226 = -j. Is o a composite number?
False
Let g(j) = j**2 + 2*j - 1. Let q be g(-6). Suppose t - 35 - q = 0. Is t a prime number?
False
Let g(o) = -2*o - 6. Let t(f) = -f - 1. Let u be t(4). Let y be g(u). Suppose n = -y*n + h + 573, -3*n + 5*h + 335 = 0. Is n a prime number?
False
Let n = 6 - 9. Is 6*(-1)/(n/11) prime?
False
Is -6*((-2031)/18 + 5) a prime number?
True
Let c(s) = -s**2 - 2*s + 4. Let m be c(-5). Let t = 20 + m. Suppose 2*g - 119 = -t. Is g composite?
True
Let f(y) = -y**3 - y**2 + 5*y - 2. Let g be f(-6). Suppose 0 = -2*s + g - 38. Is s composite?
True
Suppose 0 = -3*d + 4*l + 5771, -6*d + d + 2*l + 9609 = 0. Is d a prime number?
False
Suppose 4*d + 1455 = 9*d. Is d a composite number?
True
Let q(l) = l**2 + l - 2. Let u be q(-3). Let s be (-8)/(-3)*6/u. Suppose -5*v + 127 = -s*v. Is v a prime number?
True
Suppose 2*o - 15700 = -18*o. Is o a composite number?
True
Let q = -30 - -61. Is q prime?
True
Suppose 33 = z - 10. Is z composite?
False
Suppose -2*p - 3*p = 2*o + 877, 907 = -2*o + 5*p. Suppose -5*j - 1455 = 2*g, -4*j - 3*g - 692 - 472 = 0. Let b = j - o. Is b a composite number?
True
Let a = 709 - 388. Is a prime?
False
Let s(d) = -d**3 + 6*d**2 - 7*d + 5. Let l be s(4). Let r(c) = -c - 1. Let g be r(-3). Suppose l = v - 5*q, 3 = g*v - 4*q - 9. Is v a composite number?
True
Let f = -32 - -3. Let d = f - -41. Is (-26 - 2)*(-9)/d a composite number?
True
Let x(r) = 2*r - 5. Let l be x(4). Suppose -l*c = c - 580. Is c composite?
True
Suppose -5*p = -0*p + 15. Let x be p + 2/1*1. Is (-788)/(-16) + x/4 a composite number?
True
Suppose -5*o = g + 6, 5 = 4*g + 3*o - 39. Is g composite?
True
Suppose -4*d + 6*f - f = -1566, 3*f = 6. Is d a composite number?
True
Let l be 3*(-2 - 0/(-2)). Let g be 3/(-9) - 14/l. Suppose -s - g*v = -17, -3*s + 54 = 3*v - 0*v. Is s a prime number?
True
Let r(n) = 3*n**2 + 2*n - 3. Let j = -5 + 9. Is r(j) prime?
True
Let l(h) = -50*h**3 - 10*h**2 - 4*h + 5. Is l(-4) prime?
True
Suppose -t - 18 = 2*t. Let d(v) = -2*v**2 - 10*v + 3. Let n(o) = -o**2 - 5*o + 1. Let i(u) = 6*d(u) - 13*n(u). Is i(t) prime?
True
Suppose 5*p - 81 - 159 = 0. Let j = -4 + 6. Suppose c = -3*r - j*c + p, -5*c - 4 = r. Is r composite?
True
Let d(g) = -18*g**2 + 3*g - 1. Let o be d(4). Let t be 1/(-2) + (-969)/6. Let w = t - o. Is w prime?
False
Is 2023*2/8 - (-33)/(-44) a prime number?
False
Suppose -2*t - 2*t - 3 = 3*n, 5 = -5*n + 2*t. Is (6 + n)*58/5 composite?
True
Suppose -4*c = 3*l - 209, -5*l + 325 = 4*c - 9*c. Is l a composite number?
False
Let w(s) = -s**2. Let q(p) = 3*p**2 - p + 1. Let c(l) = -q(l) - 5*w(l). Let f be c(1). Is 2 - (1 + (f - 23)) composite?
True
Suppose 0 = 4*z + 5*r - 12, 4*z - 12 = 3*r + r. Suppose -1 = -h + s, 0*h - 14 = -5*h + 2*s. Suppose -5*j - d = -69, -h*d + z = -j - 0. Is j a prime number?
True
Let g(o) = -o**3 + 4*o**2 + 7*o - 6. Let a be g(5). Let l = 2 + 27. Suppose a*w + l = 369. Is w a composite number?
True
Let n be 6*40 - 21/(-7). Suppose -310 = -q + n. Is q a composite number?
True
Is 7015/(0 - -5) - 2*2 composite?
False
Let v be 0 + -3 - -1 - -6. Suppose -204 = -v*u + 2*j, -4*j = j. Is u a prime number?
False
Let y(i) = i + 4. Let c be y(-7). Is 2 + 2 + c - -30 a composite number?
False
Let t be 6*(-21)/(-9) + 0. Let i(o) = 3*o**2 - 11*o - 12. Is i(t) composite?
True
Let q(r) = 11*r**2 - r. Let u be q(1). Suppose -2*p = -0*p - u. Suppose j - 18 = p. Is j a composite number?
False
Is (-12)/42 + (-11619)/(-21) prime?
False
Let j(o) = -o**2 - 8*o - 2. Let n be j(-7). Suppose -n*h - 3*b = -7778, -2*b = -3*h + 3266 + 1397. Is h prime?
False
Let s = -1353 - -2584. Is s composite?
False
Suppose -d - 275 = -5*q + 4*d, 4*q - 217 = 5*d. Is q prime?
False
Let s = -10 + 5. Let p = s - -7. Suppose 6*h = -4*j + 2*h + 236, 3*j + p*h = 173. Is j composite?
True
Let o(a) = -120*a**3 + 2*a**2 + 2*a + 1. Is o(-1) a prime number?
False
Let p = -400 + 687. Is p a prime number?
False
Let c(x) = 8*x - 4. Let v be c(3). Let q = v - -59. Let r = 0 + q. Is r prime?
True
Let k = 27 + -25. Suppose k*m + 1487 = 4*u - 3*m, 3*u = -2*m + 1121. Is u composite?
False
Let x be 2/3 + 1544/6. Let a = -179 + x. Is a prime?
True
Let i(k) = -2*k**3 - 2*k**2 - k + 13. Is i(-6) composite?
False
Suppose -1077 - 684 = -3*i. Is i a composite number?
False
Let i(r) = 254*r**2 - 17*r + 3. Is i(-4) a prime number?
False
Let f(x) = -2*x - 7. Let z be f(-5). Suppose -z*p = 2*p - 385. Suppose 0 = -4*a + p + 231. Is a composite?
True
Let u(m) = -m + 2. Let o be u(12). Is 768/10 - 2/o a composite number?
True
Let l(t) = -160*t + 1. Is l(-1) prime?
False
Let m(u) = 22*u + 3. Let q(o) = -4*o**2 - 4*o + 5. Let i be q(-6). Let y be i/(-25) + (-2)/(-5). Is m(y) a composite number?
False
Let m = 3 - 4. Let v(b) = 25*b**2 + 2*b + 1. Let d be v(m). Let z = 9 + d. Is z a prime number?
False
Let j = -4 - -6. Let d(p) = -3 + p + j + 7*p. Is d(3) prime?
True
Let z = 50 - -29. Is z prime?
True
Suppose 3*o + 20 = -7. Let d(v) = -v**3 - 9*v**2 + 4. Let z be d(o). Is 762/(-4)*z/(-6) composite?
False
Let p = -275 + -264. Let y = 754 + p. Suppose l - 4*h = -3*l + 324, -3*l - 4*h = -y. Is l prime?
False
Let p = -196 - -536. Suppose -172 = l + 62. Let x = p + l. Is x a prime number?
False
Suppose 4527 = 5*j + 5*s + 92, -s = -3*j + 2669. Is j composite?
True
Suppose -24 = -4*g + g. Let v(k) = -9*k - 7. Let i be v(g). Let c = -48 - i. Is c a composite number?
False
Let a be (1 + -1264)*6/(-3). Is a/12 + 1/2 composite?
False
Is 93/33 + 2/11 